{"id":14,"date":"2013-08-27T11:56:06","date_gmt":"2013-08-27T08:56:06","guid":{"rendered":"http:\/\/www.izaluminyum.com\/?page_id=14"},"modified":"2024-12-19T17:28:20","modified_gmt":"2024-12-19T14:28:20","slug":"eloksal","status":"publish","type":"page","link":"http:\/\/www.izaluminyum.com\/?page_id=14","title":{"rendered":"Eloksal"},"content":{"rendered":"\n<div class=\"wp-block-columns is-layout-flex wp-container-core-columns-is-layout-1 wp-block-columns-is-layout-flex\">\n<div class=\"wp-block-column is-layout-flow wp-block-column-is-layout-flow\">\n<!DOCTYPE html>\n<html lang=\"tr\">\n<head>\n    <meta charset=\"UTF-8\">\n    <meta name=\"viewport\" content=\"width=device-width, initial-scale=1.0\">\n    <title>Eloksal \u0130\u015flemi<\/title>\n    <style>\n        body {\n            font-family: 'Segoe UI', Tahoma, Geneva, Verdana, sans-serif;\n            line-height: 1.8;\n            margin: 0;\n            padding: 0;\n        }\n\n        .container {\n            max-width: 900px;\n            margin: 30px auto;\n            padding: 25px;\n            background-color: #ffffff;\n            box-shadow: 0 6px 12px rgba(0, 0, 0, 0.15);\n            border-radius: 10px;\n            transition: transform 0.3s;\n        }\n\n        .container:hover {\n            transform: scale(1.02);\n        }\n\n        h1, h2 {\n            text-transform: uppercase;\n            font-weight: bold;\n            margin-bottom: 15px;\n        }\n\n        h1 {\n            text-align: center;\n            font-size: 2.2em;\n        }\n\n        p {\n            margin: 15px 0;\n            text-align: justify;\n        }\n\n        \n\n        ul {\n            margin: 15px 0;\n            padding-left: 25px;\n        }\n\n        ul li {\n            margin: 8px 0;\n            list-style-type: disc;\n        }\n\n        .footer {\n            text-align: center;\n            font-size: 0.85em;\n            color: #7f8c8d;\n            margin-top: 30px;\n        }\n    <\/style>\n<\/head>\n<body>\n    <div class=\"container\">\n        <h1>Eloksal \u0130\u015flemi ile Al\u00fcminyum Profillerin Y\u00fczey \u0130\u015flemleri<\/h1>\n        <p>Al\u00fcminyum profillerin zaman i\u00e7inde korozyon yapmas\u0131n\u0131, kararmas\u0131n\u0131 \u00f6nlemek, \u00f6mr\u00fcn\u00fc uzatmak ve daha estetik bir g\u00f6r\u00fcn\u00fcm kazanmas\u0131n\u0131 sa\u011flamak amac\u0131yla al\u00fcminyum profillerin <span class=\"highlight\">eloksal i\u015flemine<\/span> tabii tutulmas\u0131 gerekmektedir.<\/p>\n        \n        <p>Eloksal i\u015flemi, boyadan farkl\u0131 olarak profillerin do\u011fal g\u00f6r\u00fcn\u00fcm\u00fcn\u00fc kaybettirmeden istenilen renk ve parlakl\u0131kta yap\u0131lan elektrokimyasal bir i\u015flemidir. \u00dcretilen ham al\u00fcminyum profiller, ilk \u00f6nce y\u00fczey p\u00fcr\u00fczlerinin giderilmesi ve daha parlak bir g\u00f6r\u00fcn\u00fcm kazanmas\u0131 i\u00e7in <span class=\"highlight\">polisaj i\u015flemine<\/span> tabi tutulur.<\/p>\n        \n        <p>Polisaj i\u015flemi tamamlanan profiller, y\u00fczey art\u0131klar\u0131ndan ve ya\u011flardan kurtulmas\u0131 i\u00e7in ya\u011f alma banyolar\u0131nda temizlenir ve eloksal i\u015flemine haz\u0131r hale gelir. Mat eloksal ve ipeksi bir g\u00f6r\u00fcn\u00fcme sahip olmas\u0131 istenen profiller ise eloksal i\u015fleminden \u00f6nce yine farkl\u0131 bir y\u00fczey \u00e7\u00f6zeltisi i\u00e7erisinde uygun s\u00fcrelerle bekletildikten sonra eloksal i\u015flemine al\u0131n\u0131r.<\/p>\n        \n        <p>Eloksal i\u015flemi, k\u0131saca elektrolit havuzlar\u0131na profillerin <span class=\"highlight\">anot<\/span> olarak dald\u0131r\u0131lmas\u0131ndan sonra, anot ve katot aras\u0131ndan do\u011fru ak\u0131m ge\u00e7irilmesi ile ortaya \u00e7\u0131kan 10 ila 25 mikronluk y\u00fczeylerin oksit kaplanmas\u0131d\u0131r.<\/p>\n        \n        <p>Bu oksidasyon sonras\u0131 profillerin y\u00fczey t\u00fcr\u00fc ve rengi, eloksal \u00f6ncesi yap\u0131lan y\u00fczey i\u015flemlerine ba\u011fl\u0131d\u0131r. A\u011f\u0131rl\u0131k olarak beyaz, sar\u0131, kahverengi, siyah olarak yap\u0131lan mat ve parlak eloksal i\u015flemleri m\u00fc\u015fterilerin ihtiya\u00e7lar\u0131 do\u011frultusunda farkl\u0131 renklerde de yap\u0131labilmektedir.<\/p>\n        \n        <h2>\u00d6zetle:<\/h2>\n        <ul>\n            <li>Eloksal i\u015flemi al\u00fcminyum profillerin korozyonunu \u00f6nler.<\/li>\n            <li>\u0130stenilen renk ve parlakl\u0131kta elektrokimyasal bir i\u015flem uygulan\u0131r.<\/li>\n            <li>Polisaj ve ya\u011f alma i\u015flemleri sonras\u0131 eloksal i\u015flemi yap\u0131l\u0131r.<\/li>\n            <li>Y\u00fczey i\u015flemleri sonras\u0131 mat veya parlak eloksal se\u00e7enekleri sunulur.<\/li>\n        <\/ul>\n       \n    <\/div>\n<\/body>\n<\/html>\n<\/div>\n<\/div>\n","protected":false},"excerpt":{"rendered":"<p>Eloksal \u0130\u015flemi Eloksal \u0130\u015flemi ile Al\u00fcminyum Profillerin Y\u00fczey \u0130\u015flemleri Al\u00fcminyum profillerin zaman i\u00e7inde korozyon yapmas\u0131n\u0131, kararmas\u0131n\u0131 \u00f6nlemek, \u00f6mr\u00fcn\u00fc uzatmak ve daha estetik bir g\u00f6r\u00fcn\u00fcm kazanmas\u0131n\u0131 sa\u011flamak amac\u0131yla al\u00fcminyum profillerin eloksal i\u015flemine tabii tutulmas\u0131 gerekmektedir. Eloksal i\u015flemi, boyadan farkl\u0131 olarak profillerin do\u011fal g\u00f6r\u00fcn\u00fcm\u00fcn\u00fc kaybettirmeden istenilen renk ve parlakl\u0131kta yap\u0131lan elektrokimyasal bir i\u015flemidir. \u00dcretilen ham al\u00fcminyum profiller, [&hellip;]<\/p>\n","protected":false},"author":1,"featured_media":0,"parent":0,"menu_order":0,"comment_status":"open","ping_status":"open","template":"","meta":{"footnotes":""},"class_list":["post-14","page","type-page","status-publish","hentry"],"_links":{"self":[{"href":"http:\/\/www.izaluminyum.com\/index.php?rest_route=\/wp\/v2\/pages\/14","targetHints":{"allow":["GET"]}}],"collection":[{"href":"http:\/\/www.izaluminyum.com\/index.php?rest_route=\/wp\/v2\/pages"}],"about":[{"href":"http:\/\/www.izaluminyum.com\/index.php?rest_route=\/wp\/v2\/types\/page"}],"author":[{"embeddable":true,"href":"http:\/\/www.izaluminyum.com\/index.php?rest_route=\/wp\/v2\/users\/1"}],"replies":[{"embeddable":true,"href":"http:\/\/www.izaluminyum.com\/index.php?rest_route=%2Fwp%2Fv2%2Fcomments&post=14"}],"version-history":[{"count":22,"href":"http:\/\/www.izaluminyum.com\/index.php?rest_route=\/wp\/v2\/pages\/14\/revisions"}],"predecessor-version":[{"id":555,"href":"http:\/\/www.izaluminyum.com\/index.php?rest_route=\/wp\/v2\/pages\/14\/revisions\/555"}],"wp:attachment":[{"href":"http:\/\/www.izaluminyum.com\/index.php?rest_route=%2Fwp%2Fv2%2Fmedia&parent=14"}],"curies":[{"name":"wp","href":"https:\/\/api.w.org\/{rel}","templated":true}]}}